{"id":77,"date":"2020-03-04T15:38:13","date_gmt":"2020-03-04T14:38:13","guid":{"rendered":"https:\/\/preconvention.de\/?page_id=77"},"modified":"2020-03-31T14:31:41","modified_gmt":"2020-03-31T12:31:41","slug":"das-unternehmen","status":"publish","type":"page","link":"https:\/\/preconvention.de\/","title":{"rendered":"Startseite"},"content":{"rendered":"<p>[et_pb_section fb_built=&#8220;1&#8243; admin_label=&#8220;Hero&#8220; _builder_version=&#8220;4.3.4&#8243; use_background_color_gradient=&#8220;on&#8220; background_color_gradient_start=&#8220;rgba(153,153,153,0.79)&#8220; background_color_gradient_end=&#8220;rgba(237,110,15,0.86)&#8220; background_color_gradient_type=&#8220;radial&#8220; background_color_gradient_direction_radial=&#8220;top left&#8220; background_color_gradient_overlays_image=&#8220;on&#8220; background_image=&#8220;https:\/\/preconvention.de\/wp-content\/uploads\/2020\/03\/construction-21.jpg&#8220; height=&#8220;200px&#8220; custom_margin=&#8220;||||false&#8220; custom_padding=&#8220;4vw||4vw||true|false&#8220;][et_pb_row column_structure=&#8220;2_5,3_5&#8243; _builder_version=&#8220;4.3.4&#8243; height=&#8220;149px&#8220; custom_margin=&#8220;|auto||auto|false|false&#8220; hover_enabled=&#8220;0&#8243;][et_pb_column type=&#8220;2_5&#8243; _builder_version=&#8220;3.25&#8243; custom_padding=&#8220;|||&#8220; custom_padding__hover=&#8220;|||&#8220;][et_pb_text _builder_version=&#8220;4.3.4&#8243; text_font=&#8220;||||||||&#8220; header_font=&#8220;Rubik|700|||||||&#8220; header_font_size=&#8220;64px&#8220; header_line_height=&#8220;1.1em&#8220; background_layout=&#8220;dark&#8220; max_width=&#8220;334px&#8220; min_height=&#8220;50px&#8220; custom_margin=&#8220;|-30px|0px|10px||&#8220; custom_padding=&#8220;|||20px||&#8220; text_font_size_tablet=&#8220;14px&#8220; text_font_size_last_edited=&#8220;off|desktop&#8220; header_font_size_tablet=&#8220;44px&#8220; header_font_size_phone=&#8220;32px&#8220; header_font_size_last_edited=&#8220;on|phone&#8220; border_color_all=&#8220;#ffb400&#8243; border_style_all=&#8220;none&#8220; border_width_left=&#8220;10px&#8220;]<\/p>\n<h2><span style=\"color: #ffffff;\">Herzlich Willkommen<\/span><\/h2>\n<p>[\/et_pb_text][\/et_pb_column][et_pb_column type=&#8220;3_5&#8243; _builder_version=&#8220;4.3.4&#8243;][et_pb_image src=&#8220;https:\/\/preconvention.de\/wp-content\/uploads\/2020\/03\/Bild_Startseite.jpg&#8220; _builder_version=&#8220;4.3.4&#8243;][\/et_pb_image][\/et_pb_column][\/et_pb_row][\/et_pb_section][et_pb_section fb_built=&#8220;1&#8243; admin_label=&#8220;About Us&#8220; _builder_version=&#8220;4.3.4&#8243; hover_enabled=&#8220;0&#8243; border_style_all=&#8220;none&#8220; border_color_right=&#8220;#e09900&#8243;][et_pb_row column_structure=&#8220;3_4,1_4&#8243; _builder_version=&#8220;4.3.4&#8243; width=&#8220;85.4%&#8220; custom_margin=&#8220;|auto||auto|false|false&#8220; custom_padding=&#8220;||||false|false&#8220; hover_enabled=&#8220;0&#8243; custom_css_main_element=&#8220;font-size: 14px;&#8220; border_radii=&#8220;on|10px|10px|10px|10px&#8220; border_style_all=&#8220;none&#8220;][et_pb_column type=&#8220;3_4&#8243; _builder_version=&#8220;4.3.4&#8243;][et_pb_text _builder_version=&#8220;4.3.4&#8243;]<\/p>\n<p class=\"align-justify\" style=\"text-align: left;\">Wir sind Ihr kompetenter Ansprechpartner in Sachen Arbeitssicherheit, Umweltschutz und Baustellensicherheit (SiGeKo) in NRW.<\/p>\n<p class=\"bodytext\" style=\"text-align: left;\">Viele Kunden aus Industrie, Handwerk, Handel, dem Baugewerbe und der \u00f6ffentlichen Verwaltung vertrauen auf unsere kompetente Beratung und Betreuung.<\/p>\n<p class=\"bodytext\" style=\"text-align: left;\">Ziel unserer Dienstleistung ist es nicht allein Sie bei der Erf\u00fcllung der geforderten gesetzlichen Rahmenbedingungen zu u<span style=\"background-color: #ffffff; font-size: 14px;\">nterst\u00fctzen<\/span><span style=\"font-size: 14px;\">, sondern im gleichen Schritt Ihre Wettbewerbsf\u00e4higkeit zu verbessern.<\/span><\/p>\n<p class=\"bodytext\" style=\"text-align: left;\"><b><\/b><\/p>\n<h5 class=\"bodytext\" style=\"text-align: left;\"><b>Unsere Leitlinie:<\/b><\/h5>\n<p class=\"bodytext\" style=\"text-align: left;\"><strong>Wir wollen \u00fcberzeugen statt belehren,<\/strong><br \/> <strong> vorbeugen statt reparieren,<\/strong><br \/><strong>beim Kontakt mit Beh\u00f6rden Kooperation statt Konfrontation.<\/strong><\/p>\n<p class=\"bodytext\" style=\"text-align: left;\">\n<p class=\"bodytext\" style=\"text-align: left;\">\n<p>[\/et_pb_text][et_pb_text _builder_version=&#8220;4.3.4&#8243;]<\/p>\n<h2><strong>Mit unseren Leistungen helfen wir Ihnen<\/strong><\/h2>\n<p>[\/et_pb_text][et_pb_blurb use_icon=&#8220;on&#8220; font_icon=&#8220;%%36%%&#8220; icon_color=&#8220;#ffb400&#8243; icon_placement=&#8220;left&#8220; content_max_width=&#8220;1100px&#8220; use_icon_font_size=&#8220;on&#8220; icon_font_size=&#8220;40px&#8220; content_max_width_tablet=&#8220;1100px&#8220; content_max_width_last_edited=&#8220;off|desktop&#8220; _builder_version=&#8220;4.3.4&#8243; header_font=&#8220;Rubik|700|||||||&#8220; header_line_height=&#8220;1.4em&#8220; body_font=&#8220;|600|||||||&#8220; body_text_align=&#8220;left&#8220; body_line_height=&#8220;3em&#8220; min_height=&#8220;10px&#8220; custom_margin=&#8220;|||&#8220; custom_padding=&#8220;0px||||false|false&#8220; animation_style=&#8220;slide&#8220; animation_direction=&#8220;right&#8220; animation_intensity_slide=&#8220;10%&#8220; animation=&#8220;off&#8220;]<\/p>\n<h6><\/h6>\n<h6>die f\u00fcr Ihren Betrieb notwendige Performance im Arbeitsschutz zu erreichen und dauerhaft sicherzustellen,<\/h6>\n<p>[\/et_pb_blurb][et_pb_blurb use_icon=&#8220;on&#8220; font_icon=&#8220;%%36%%&#8220; icon_color=&#8220;#ffb400&#8243; icon_placement=&#8220;left&#8220; content_max_width=&#8220;1100px&#8220; use_icon_font_size=&#8220;on&#8220; icon_font_size=&#8220;40px&#8220; content_max_width_tablet=&#8220;1100px&#8220; content_max_width_last_edited=&#8220;off|desktop&#8220; _builder_version=&#8220;4.3.4&#8243; header_font=&#8220;Rubik|700|||||||&#8220; header_line_height=&#8220;1.4em&#8220; body_font=&#8220;|600|||||||&#8220; body_text_align=&#8220;left&#8220; body_line_height=&#8220;3em&#8220; min_height=&#8220;31px&#8220; custom_margin=&#8220;-22px|||||&#8220; custom_padding=&#8220;0px||||false|false&#8220; animation_style=&#8220;slide&#8220; animation_direction=&#8220;right&#8220; animation_intensity_slide=&#8220;10%&#8220; animation=&#8220;off&#8220;]<\/p>\n<h6><\/h6>\n<h6>als Sachkundiger nach TRGS 519 f\u00fcr Asbest-Sanierungen die richtigen Ma\u00dfnahmen auszuw\u00e4hlen,<\/h6>\n<p>[\/et_pb_blurb][et_pb_blurb use_icon=&#8220;on&#8220; font_icon=&#8220;%%36%%&#8220; icon_color=&#8220;#ffb400&#8243; icon_placement=&#8220;left&#8220; content_max_width=&#8220;1100px&#8220; use_icon_font_size=&#8220;on&#8220; icon_font_size=&#8220;40px&#8220; content_max_width_tablet=&#8220;1100px&#8220; content_max_width_last_edited=&#8220;off|desktop&#8220; _builder_version=&#8220;4.3.4&#8243; header_font=&#8220;Rubik|700|||||||&#8220; header_line_height=&#8220;1.4em&#8220; body_font=&#8220;|600|||||||&#8220; body_text_align=&#8220;left&#8220; body_line_height=&#8220;3em&#8220; custom_margin=&#8220;-18px||12px|||&#8220; custom_padding=&#8220;3px||||false|false&#8220; animation_style=&#8220;slide&#8220; animation_direction=&#8220;right&#8220; animation_intensity_slide=&#8220;10%&#8220; animation=&#8220;off&#8220;]<\/p>\n<h6><\/h6>\n<h6>als SiGeKo die Einhaltung der Vorgaben f\u00fcr die Sicherheit auf Ihren Baustellen zu \u00fcberwachen,<\/h6>\n<p>[\/et_pb_blurb][et_pb_blurb use_icon=&#8220;on&#8220; font_icon=&#8220;%%36%%&#8220; icon_color=&#8220;#ffb400&#8243; icon_placement=&#8220;left&#8220; content_max_width=&#8220;1100px&#8220; use_icon_font_size=&#8220;on&#8220; icon_font_size=&#8220;40px&#8220; content_max_width_tablet=&#8220;1100px&#8220; content_max_width_last_edited=&#8220;off|desktop&#8220; _builder_version=&#8220;4.3.4&#8243; header_font=&#8220;Rubik|700|||||||&#8220; header_line_height=&#8220;1.4em&#8220; body_font=&#8220;|600|||||||&#8220; body_text_align=&#8220;left&#8220; body_line_height=&#8220;3em&#8220; min_height=&#8220;58px&#8220; custom_margin=&#8220;|||&#8220; custom_padding=&#8220;0px||||false|false&#8220; animation_style=&#8220;slide&#8220; animation_direction=&#8220;right&#8220; animation_intensity_slide=&#8220;10%&#8220; animation=&#8220;off&#8220;]<\/p>\n<h6><\/h6>\n<h6>Ihren Produktionsbetrieb unter Beachtung fortschrittlicher Umweltstandards zu betreiben und die Betreibssicherheit durch die erforderlichen Genehmigungen zu gew\u00e4hrleisten,<\/h6>\n<p>[\/et_pb_blurb][et_pb_blurb use_icon=&#8220;on&#8220; font_icon=&#8220;%%36%%&#8220; icon_color=&#8220;#ffb400&#8243; icon_placement=&#8220;left&#8220; content_max_width=&#8220;1100px&#8220; use_icon_font_size=&#8220;on&#8220; icon_font_size=&#8220;40px&#8220; content_max_width_tablet=&#8220;1100px&#8220; content_max_width_last_edited=&#8220;off|desktop&#8220; _builder_version=&#8220;4.3.4&#8243; header_font=&#8220;Rubik|700|||||||&#8220; header_line_height=&#8220;1.4em&#8220; body_font=&#8220;|600|||||||&#8220; body_text_align=&#8220;left&#8220; body_line_height=&#8220;3em&#8220; custom_margin=&#8220;-30px|||||&#8220; custom_padding=&#8220;0px||||false|false&#8220; animation_style=&#8220;slide&#8220; animation_direction=&#8220;right&#8220; animation_intensity_slide=&#8220;10%&#8220; animation=&#8220;off&#8220;]<\/p>\n<h6><\/h6>\n<h6>ein f\u00fcr Ihre Bed\u00fcrfnisse zugeschnittenes integriertes Management-System zu erstellen, einzuf\u00fchren und zu betreuen,<\/h6>\n<p>[\/et_pb_blurb][et_pb_blurb use_icon=&#8220;on&#8220; font_icon=&#8220;%%36%%&#8220; icon_color=&#8220;#ffb400&#8243; icon_placement=&#8220;left&#8220; content_max_width=&#8220;1100px&#8220; use_icon_font_size=&#8220;on&#8220; icon_font_size=&#8220;40px&#8220; content_max_width_tablet=&#8220;1100px&#8220; content_max_width_last_edited=&#8220;off|desktop&#8220; _builder_version=&#8220;4.3.4&#8243; header_font=&#8220;Rubik|700|||||||&#8220; header_line_height=&#8220;1.4em&#8220; body_font=&#8220;|600|||||||&#8220; body_text_align=&#8220;left&#8220; body_line_height=&#8220;3em&#8220; custom_margin=&#8220;-27px|||||&#8220; custom_padding=&#8220;0px||||false|false&#8220; animation_style=&#8220;slide&#8220; animation_direction=&#8220;right&#8220; animation_intensity_slide=&#8220;10%&#8220; animation=&#8220;off&#8220;]<\/p>\n<h6><\/h6>\n<h6>als externe Beauftragte im Umweltschutz, wenn Ihr Betrieb dazu verpflichtet ist&#8230;<\/h6>\n<p>[\/et_pb_blurb][et_pb_text _builder_version=&#8220;4.3.4&#8243;]<\/p>\n<h3 style=\"text-align: left;\"><span style=\"color: #ff6600;\"><strong>Wir freuen uns auf eine gute Zusammenarbeit mit Ihnen!<\/strong><\/span><\/h3>\n<p>[\/et_pb_text][\/et_pb_column][et_pb_column type=&#8220;1_4&#8243; _builder_version=&#8220;4.3.4&#8243;][et_pb_text _builder_version=&#8220;4.3.4&#8243; text_font_size=&#8220;12px&#8220; width=&#8220;100%&#8220; min_height=&#8220;45px&#8220; custom_padding=&#8220;||16px|||&#8220; link_option_url_new_window=&#8220;on&#8220;]<\/p>\n<h6 style=\"text-align: left;\"><span style=\"font-size: small;\"><strong>Mitglied im Verband Deutscher Sicherheitsingenieure<\/strong><\/span><\/h6>\n<p>[\/et_pb_text][et_pb_image src=&#8220;https:\/\/preconvention.de\/wp-content\/uploads\/2020\/03\/VDSI.png&#8220; url_new_window=&#8220;on&#8220; align=&#8220;center&#8220; _builder_version=&#8220;4.3.4&#8243; min_height=&#8220;102px&#8220; custom_margin=&#8220;-30px||||false|false&#8220; custom_padding=&#8220;||0px|0px||&#8220;][\/et_pb_image][et_pb_divider color=&#8220;#e09900&#8243; _builder_version=&#8220;4.3.4&#8243; custom_margin=&#8220;||15px|||&#8220;][\/et_pb_divider][et_pb_text _builder_version=&#8220;4.3.4&#8243; text_font_size=&#8220;12px&#8220;]<\/p>\n<h5 id=\"parent-fieldname-description\" class=\"documentDescription\"><span style=\"font-size: small;\"><strong>Fachkr\u00e4fte f\u00fcr Arbeitssicherheit (Sifa) sind ein wichtiger Bestandteil der Arbeitsschutz-organisation im Betrieb<\/strong><\/span><\/h5>\n<div id=\"viewlet-above-content-body\"><\/div>\n<div id=\"content-core\">\n<div class=\"\" id=\"parent-fieldname-text-f853cfc95af7416bad1bc317dd3d8e31\">\n<p><span>Sie haben u. a. die Aufgabe, die Verantwortlichen in allen Fragen des Arbeitsschutzes zu unterst\u00fctzen und zu Beraten. Sie helfen, Unfallgefahren und arbeitsbedingte Gesundheitsgefahren fr\u00fchzeitig zu erkennen und konstruktive Vorschl\u00e4ge zu deren Minimierung zu erarbeiten.<\/span><\/p>\n<p><span>Die Aufgaben der Sifa beschreibt das Arbeitssicherheitsgesetz (ASiG). Weitere Aspekte, z.B. die Voraussetzungen an die Fachkunde sowie die Ausbildung, sind in der DGUV Vorschrift\u00a02 dargestellt.<\/span><\/p>\n<\/div>\n<\/div>\n<p>[\/et_pb_text][et_pb_divider color=&#8220;#e09900&#8243; _builder_version=&#8220;4.3.4&#8243; custom_margin=&#8220;||11px|||&#8220;][\/et_pb_divider][et_pb_text _builder_version=&#8220;4.3.4&#8243; text_font_size=&#8220;12px&#8220;]<\/p>\n<h6><span style=\"font-size: small;\"><strong>Den einen Umweltbeauftragten gibt es nicht\u2026<\/strong><\/span><\/h6>\n<p>\u2026zumindest nicht als gesetzliche Vorschrift. Gesetzlich sind unter bestimmten Umst\u00e4nden aber Beauftragte f\u00fcr Abfall, Gew\u00e4sserschutz, Immissionsschutz und andere vorgeschrieben.<\/p>\n<p>Die Beauftragten k\u00f6nnen freiwillig bestellt sein, sind aber in der Regel aufgrund rechtlicher Bestimmungen verpflichtend zu benennen. Denn wenn ein Betrieb immissionsschutzrechtlich genehmigungspflichtige Anlagen betreibt, eine bestimmte Menge gef\u00e4hrlicher Abf\u00e4lle produziert, eine bestimmte Menge Abwasser einleitet oder Gefahrgut versendet, ist in der Regel damit die Pflicht zur Bestellung eines speziellen Betriebsbeauftragten verbunden.<\/p>\n<p>[\/et_pb_text][et_pb_divider color=&#8220;#e09900&#8243; _builder_version=&#8220;4.3.4&#8243; custom_margin=&#8220;||13px|||&#8220;][\/et_pb_divider][et_pb_text _builder_version=&#8220;4.3.4&#8243; text_font_size=&#8220;12px&#8220;]<\/p>\n<h4><span style=\"font-size: small;\"><strong>Sicherheit auf Baustellen &#8212;<\/strong><strong>\u00a0SiGeKo<\/strong><\/span><\/h4>\n<p>Die Baustellenverordnung (BaustellV) verpflichtet den Bauherrn, f\u00fcr Baustellen, auf denen Besch\u00e4ftigte mehrerer Arbeitgeber t\u00e4tig werden, f\u00fcr die Planung der Ausf\u00fchrung sowie f\u00fcr die Ausf\u00fchrung des Bauvorhabens einen, ggf. mehrere, <strong>Sicherheits- und Gesundheitsschutzkoordinatoren (SiGeKo)<\/strong> zu bestellen.<\/p>\n<p>Der Koordinator hat mit seiner T\u00e4tigkeit dazu beizutragen, das Bauvorhaben, den Bauablauf und die sp\u00e4teren Arbeiten an der baulichen Anlage zu jeder Zeit sicher zu gestalten.<\/p>\n<p>Seine Aufgabe ist es, bereits in der Planungsphase eines Bauvorhabens alle notwendigen Ma\u00dfnahmen zum Schutz der Besch\u00e4ftigten aufeinander abzustimmen. Er hat einen Sicherheits- und Gesundheitsschutzplan (SiGe-Plan) zu erstellen, der u. a. die Arbeitsschutzbestimmungen und die Sicherheitsvorkehrungen f\u00fcr besonders gef\u00e4hrliche Arbeiten enth\u00e4lt. Zudem fertigt er die sogenannte &#8222;Unterlage&#8220; an, aus der Arbeitsschutzma\u00dfnahmen f\u00fcr sp\u00e4tere Arbeiten (z. B. Wartung und Instandhaltung) an der baulichen Anlage ersichtlich sein m\u00fcssen.<\/p>\n<p>In der Bauphase organisiert und koordiniert er die Zusammenarbeit der verschiedenen Arbeitgeber hinsichtlich des Arbeitsschutzes und deren \u00dcberwachung der Arbeitsverfahren.<\/p>\n<p><strong>Geeignete Koordinatoren im Sinne der RAB 30 verf\u00fcgen \u00fcber<\/strong><\/p>\n<ul>\n<li>mindestens zweij\u00e4hrige Berufserfahrung in Planung oder Ausf\u00fchrung von Bauvorhaben<\/li>\n<li>baufachliche Kenntnisse als Bauingenieur, Architekt, Meister, Polier oder Techniker<\/li>\n<li>arbeitsschutzfachliche Kenntnisse<\/li>\n<li>spezielle Koordinatoren Kenntnisse.<\/li>\n<\/ul>\n<div id=\"c340\" class=\"csc-default\"><\/div>\n<p>[\/et_pb_text][\/et_pb_column][\/et_pb_row][\/et_pb_section]<\/p>\n","protected":false},"excerpt":{"rendered":"<p>Herzlich WillkommenWir sind Ihr kompetenter Ansprechpartner in Sachen Arbeitssicherheit, Umweltschutz und Baustellensicherheit (SiGeKo) in NRW. Viele Kunden aus Industrie, Handwerk, Handel, dem Baugewerbe und der \u00f6ffentlichen Verwaltung vertrauen auf unsere kompetente Beratung und Betreuung. Ziel unserer Dienstleistung ist es nicht allein Sie bei der Erf\u00fcllung der geforderten gesetzlichen Rahmenbedingungen zu unterst\u00fctzen, sondern im gleichen Schritt [&hellip;]<\/p>\n","protected":false},"author":1,"featured_media":0,"parent":0,"menu_order":0,"comment_status":"closed","ping_status":"closed","template":"","meta":{"_et_pb_use_builder":"on","_et_pb_old_content":"","_et_gb_content_width":""},"_links":{"self":[{"href":"https:\/\/preconvention.de\/index.php?rest_route=\/wp\/v2\/pages\/77"}],"collection":[{"href":"https:\/\/preconvention.de\/index.php?rest_route=\/wp\/v2\/pages"}],"about":[{"href":"https:\/\/preconvention.de\/index.php?rest_route=\/wp\/v2\/types\/page"}],"author":[{"embeddable":true,"href":"https:\/\/preconvention.de\/index.php?rest_route=\/wp\/v2\/users\/1"}],"replies":[{"embeddable":true,"href":"https:\/\/preconvention.de\/index.php?rest_route=%2Fwp%2Fv2%2Fcomments&post=77"}],"version-history":[{"count":48,"href":"https:\/\/preconvention.de\/index.php?rest_route=\/wp\/v2\/pages\/77\/revisions"}],"predecessor-version":[{"id":698,"href":"https:\/\/preconvention.de\/index.php?rest_route=\/wp\/v2\/pages\/77\/revisions\/698"}],"wp:attachment":[{"href":"https:\/\/preconvention.de\/index.php?rest_route=%2Fwp%2Fv2%2Fmedia&parent=77"}],"curies":[{"name":"wp","href":"https:\/\/api.w.org\/{rel}","templated":true}]}}